 - k**2. Calculate a(-2).
7
Let w(k) = 6*k - 6*k + 2*k + 4 + 2*k. Calculate w(-3).
-8
Let w(n) be the second derivative of -n**3/6 + n**2 + 5*n. Let f be w(3). Let b(u) = 7*u**2 - 2*u - 1. Determine b(f).
8
Let p(x) = -x**2 - 5*x + 3. Suppose 0 = 3*v - 0*v, s + 2*v = 5. Suppose -s*y - 42 = -5*i + 8, 4*y - 3*i = -36. Calculate p(y).
-3
Let k(g) = 0*g**3 + 2*g**2 + 6*g - 2*g**3 + 4*g**3 - 3*g**3 - 1. Determine k(4).
-9
Let l(x) = -3*x + 2. Suppose 0 = -u + 1 + 9. Let b = u - 5. Let w = b + -3. What is l(w)?
-4
Let k(x) be the third derivative of 1/3*x**3 - 1/120*x**6 - 1/60*x**5 + 0 - 1/24*x**4 + 0*x - 3*x**2. What is k(0)?
2
Let s(u) = 9 - 4 + u**2 + 0*u**2 + 6*u. Let y be 759/55 - (-2)/10. Let k = 9 - y. What is s(k)?
0
Let g(f) = -4*f**3 - 2*f**2 + f. Let n(z) = z**3 + 5*z**2 + 6*z + 6. Let c be n(-4). Let y = 4 + c. Let v be 3 - (6/y - 1). Calculate g(v).
-5
Let h be 6/(-1)*(-2)/3. Let n(l) = -l**3 + 9*l**2 - 4*l + 5. Let t(m) = -2*m**3 + 19*m**2 - 8*m + 11. Let o(z) = 9*n(z) - 4*t(z). Calculate o(h).
1
Suppose 0 = x - 6*x - 5. Let n(a) be the first derivative of 7/3*a**3 + 0*a**2 - a + 2. Give n(x).
6
Let m(t) = 4*t + t - 3*t - t + 2. Calculate m(0).
2
Suppose -w + 3 = -0*w. Suppose -w*z + 20 = -8*z. Let q(c) = -3*c - 2 - c**3 - 5 - 5*c**2 + 2. Determine q(z).
-9
Let r(f) = 0*f**3 - 1 + f**3 + 3 - 6*f**2 + 5*f + 2. Determine r(5).
4
Let d(w) = -w**2 + w - 7. Let r(v) = 2*v**3 + 2*v**2 + 1. Let q be r(-2). Let x = -7 - q. Calculate d(x).
-7
Suppose 6*f - 48 = 2*f. Suppose j + f = 4*j - m, j + 3 = -2*m. Let w(g) be the second derivative of g**4/12 - g**3/6 + g**2 - g + 3. Calculate w(j).
8
Let g(q) = q**3 + 6*q**2 - 5*q + 10. Let o be (10 - 3)/((2 + -4)/2). Determine g(o).
-4
Suppose o + 35 = -4*o. Let y(v) = v**3 + 8*v**2 + 5*v - 7. What is y(o)?
7
Let h(v) = 2*v**2 - 3*v**2 + 6*v**2 + 0*v + v. What is h(1)?
6
Let b be (((-64)/24)/(-4))/((-2)/3). Let y(u) = -11*u - 1. What is y(b)?
10
Let z = 6 + -5. Let l(t) = 5*t + t - 5*t + 4 - z. Suppose 0 = -2*b - 6. Give l(b).
0
Let i(v) = -2*v - 5. Let l(d) = 2*d + 5. Suppose f + 2*u - 1 = -u, 0 = 4*f - 3*u + 26. Let h be l(f). Calculate i(h).
5
Let w(i) = 3*i**2 + 10*i - 12. Let s(j) = 4*j**2 + 11*j - 13. Let p(n) = 4*s(n) - 5*w(n). Calculate p(6).
8
Suppose -5*y = -2*y + 4*q - 58, 4*q = -20. Suppose j + 14 = -s - 4*j, 4*s + 5*j + y = 0. Let p(w) = -w**3 - 6*w**2 - 5*w + 4. Give p(s).
-8
Let p = 1 - -2. Let l(b) = b + p - 2 - 1. Let x(t) = -t. Let a be x(5). What is l(a)?
-5
Suppose -4*v + 5*v = 0. Let j(f) = f**2 - 3. Let p be j(v). Let s = p + 4. Let w(l) = -3*l - 1. Calculate w(s).
-4
Let s(z) = 2*z - 6. Let h be s(4). Let v(d) = 4*d**2 - d**3 - 2 + 3 + 5*d**2 - d**h. Let g be v(8). Let l(w) = -w. What is l(g)?
-1
Let d(t) = 1 + 6 - 4 + t. Calculate d(-2).
1
Suppose -5*c = -2*c. Let l(v) = v**2 - v + 4 - 2 - 4 - 2. Give l(c).
-4
Let v(x) = 9*x + 13. Let z(u) = 5*u + 7. Suppose -5*p = 2*s + 23 - 1, 4*p = 3*s + 33. Let t(a) = s*z(a) + 6*v(a). What is t(3)?
-2
Let z(s) be the first derivative of s**3/6 - s**2 + 4*s - 3. Let x(l) be the first derivative of z(l). Give x(4).
2
Let s(i) = -i**3 - i**2. Let b be (2 - -4) + 1 + 0. Let a = b - 7. Determine s(a).
0
Let j(o) be the second derivative of -1/3*o**4 - 1/20*o**5 + 5/6*o**3 + 0 - o - 1/2*o**2. Let k(a) = a**2 + 17*a + 37. Let i be k(-14). Give j(i).
-1
Let y be (-33)/(-9) + 2/6. Let h(j) = 7*j**2 - j**3 + 5 - 2*j**2 - 9*j + 5*j. Calculate h(y).
5
Let u(w) = -6*w**2 + w + 8. Let p(x) = 5*x**2 - 2*x - 7. Let c(h) = -5*p(h) - 4*u(h). Calculate c(6).
3
Let i(f) be the second derivative of f**3/2 - 3*f**2 - 11*f. Calculate i(-5).
-21
Let o(v) be the third derivative of v**6/360 + v**5/30 - 5*v**4/24 - v**3/2 - 2*v**2. Let u(l) be the first derivative of o(l). Let m = -12 + 8. What is u(m)?
-5
Let g(f) = -5*f**2 + 41*f - 31. Let z(k) = 1 + k**2 + 5 + k - 9*k. Let i(b) = -2*g(b) - 11*z(b). What is i(4)?
4
Let n be (6/(-9))/(6/45). Let v(b) = -2*b - 1. Suppose 2*c = 2*w + 4, 5*c + 2 = w - 4. Let y(l) = 3*l + 1. Let d(i) = n*v(i) + w*y(i). Give d(1).
-1
Let u be 51/90 - 2/5. Let n(x) be the third derivative of -x**2 + 0*x + 0 + 0*x**4 - u*x**3 - 1/60*x**5. Determine n(2).
-5
Suppose 5*t - 2 - 3 = 0. Let c be (8*-1)/(-2) - t. Let i(g) = c*g**2 - 6*g + g**3 - 2 - 3 + 3. Give i(-4).
6
Let b(l) = -l**3 - l**2 - 6. Let x = -15 + 24. Let y(f) = f**2 - 8*f - 3. Let g be y(x). Let p = g - 6. Calculate b(p).
-6
Let a(h) be the third derivative of 4*h**2 + 1/120*h**6 + 5/6*h**3 + 1/6*h**4 + 0 + 0*h - 1/10*h**5. Give a(4).
-11
Let j(x) = 3*x**3 - x**2. Suppose 8*w + 14 = 4*z + 3*w, z - 3*w = 7. What is j(z)?
2
Let v(o) = -13*o**3 + 14*o**2 + 11*o + 7. Let b(z) = 7*z**3 - 7*z**2 - 6*z - 3. Let i(p) = 11*b(p) + 6*v(p). Calculate i(7).
9
Let a(k) = -2*k - 6. Suppose 0 = 2*u + 18 - 6. Calculate a(u).
6
Let s(f) = 10*f + 1. Let q(w) = w**2 + 2*w - 1. Let d(l) = -l**2 + 4*l - 2. Let v be d(4). Let j be q(v). Calculate s(j).
-9
Suppose -3*m - 3*d - 114 = -8*m, 2 = d. Suppose -5*l + 2*y = 6*y - m, -5*l = 3*y - 23. Let k(r) = -2*r - r - 5 + 4*r. What is k(l)?
-1
Let z(s) = -s**2 - 7. Let x(i) = -i**2 - 6. Let o(k) = -5*x(k) + 4*z(k). Let g(f) = f + 4. Let p be g(-4). Suppose p = -5*u - 6 + 16. Calculate o(u).
6
Let u(y) = 4*y**3 - 9*y**2 - 4*y - 9. Let h(w) = 2*w**3 - 5*w**2 - 2*w - 5. Let v(a) = -7*h(a) + 4*u(a). Let i be (0 - 0)/(4 - 5). Let g = i - 1. What is v(g)?
-2
Let h be (-1)/3 + 312/72. Let r(x) be the second derivative of -x**2 + h*x + 0 + 1/20*x**5 - 1/4*x**4 + 2/3*x**3. What is r(2)?
2
Suppose 3 - 1 = a. Let s(w) = 2 - a - w + 3. Determine s(5).
-2
Suppose 5*j = -4*b - 12, -2*b - 2*b - 2*j = 0. Let v(d) = b + d + d - d. Give v(5).
7
Let p(u) = -5*u**3 + 17*u**2 + 11*u + 4. Let n = -11 - -3. Let x(a) = -3*a**3 + 11*a**2 + 7*a + 3. Let i(b) = n*x(b) + 5*p(b). What is i(-3)?
-1
Let c(f) = -5*f**3 + 2*f**2 - 2*f + 1. Suppose -m = -2*m - 1, -2*q = 3*m + 1. Give c(q).
-4
Let i = -2 + 4. Let k(j) = 1 + 0*j**2 - j**i + 3 + 0*j**2. Give k(0).
4
Let c(z) = 5*z**3 - 9*z**2 - z - 8. Let w(d) = 14*d**3 - 26*d**2 - 2*d - 23. Let s(o) = 11*c(o) - 4*w(o). Calculate s(5).
-11
Let c(k) = -k**3 + 5*k**2 - 3*k + 1. Let o = -78 - -81. Give c(o).
10
Suppose -3*s - 18 = -3*w - 0*w, 21 = 4*w - 3*s. Let f(g) = g**w - 2 - g + 2 + 2*g**2 + g**2 + 1. Let h = 2 + -4. Calculate f(h).
7
Suppose 2*t + 44 = s + 3*s, 4*t + 55 = 5*s. Let w = s - 7. Let y(r) = r**2 - r - 3. Determine y(w).
9
Let v(r) = r**2 - 6*r - 2. Let m be v(7). Let u(j) = -4*j - 43 + m*j + 36. Determine u(5).
-2
Let p(d) be the second derivative of 1/4*d**4 + 5/2*d**2 + 1/20*d**5 + 0 - 2/3*d**3 - d. What is p(-4)?
5
Let w be ((-4)/6)/(6/9). Let m = w - -6. Let c(g) = -g + 1. Let o(k) = k**2 - 5. Let b(r) = -4*c(r) - o(r). Give b(m).
-4
Let y(u) = u. Let t(d) = -d**2 + 4*d + 5. Let s be t(8). Let k(v) = -6*v. Let p(i) = s*y(i) - 4*k(i). Calculate p(2).
-6
Let k(q) = -3*q - 1 + 1 - 3 + 2. Calculate k(-2).
5
Suppose -5*s = 20 + 5. Let q(c) = -3*c**2 + c. Let y(x) = 3*x. Let j(p) = p**2 + 5*p. Let b(t) = 4*j(t) - 7*y(t). Let v(n) = s*b(n) - 6*q(n). What is v(-2)?
-6
Let z(t) = -t**2 - 10 + 18 + 4*t - 5. Calculate z(6).
-9
Let m(b) be the second derivative of b**4/12 - b**3/3 + 16*b. Determine m(2).
0
Let b(p) = -2*p**2 - p + 1. Let r be b(-1). Let o(a) = a - 3. Give o(r).
-3
Let l(n) = -n**3 - 4*n**2 + n. Let i = 6 + -2. Let t = 0 - i. What is l(t)?
-4
Let p(z) = 5*z - 1. Let v be p(1). Let g(s) = s**3 - 5*s**2 - 4*s**3 - 7*s + v*s**3 - 3. Let t(m) = 5*m + 1. Let a be t(1). Determine g(a).
-9
Let i(p) be the second derivative of -p**8/6720 + p**7/1260 + p**6/144 - p**5/60 + p**4/12 + 3*p. Let d(r) be the third derivative of i(r). Calculate d(3).
4
Let m(y) = y**3. Let i(f) = 3*f**3 + f**2 - 2. Let a = 25 + -23. Let u = 0 - 1. Let c(s) = a*m(s) + u*i(s). What is c(0)?
2
Let f be (-3 - -4)*(1 + -1). Let v(p) be the second derivative of -p**4/12 + 2*p**2 + 3*p. Give v(f).
4
Let g(x) = 2*x - 3. Suppose -4*y - 17 = 3. Give g(y).
-13
Let v(i) be the first derivative of 0*i**2 + 4 + 6*i + 1/3*i**3. Suppose 3*t = -2*p + 4 + 11, 2*p + 4*t - 20 = 0. Determine v(p).
6
Let y(z) = -26*z - 26. Let c(w) = -5*w - 5. Let h(p) = -11*c(p) + 2*y(p). Let v(i) = i**3 - 6*i**2 - i - 3. Let n be v(6). Let l = n + 7. Determine h(l).
-3
Let x(h) be the